uppose -10 = 5*h, h - 2*h - 6 = -z. Suppose 5*l - 12 = 3*i, -3*i - 12 = -0*l - l. What are the prime factors of -1*z*(l + -2)?
2
Let b = 136 - 68. List the prime factors of b.
2, 17
Suppose 2*s - 4*s - 4 = 0. Let k(x) = x**3 + 3*x**2 + x + 1. Let l be k(s). Suppose 0 = -0*z + 3*z + b - 33, 5*z - 69 = l*b. List the prime factors of z.
2, 3
What are the prime factors of (-2)/(-2)*(2 + 107)?
109
Let o be (-482)/14 + 15/35. What are the prime factors of (-2)/((16/o)/4)?
17
Let k be (-1)/((-1)/(-2)) - -2. Suppose 2*m = -k*m + 4. Suppose -m*o = -o - 3. What are the prime factors of o?
3
Let p = 12 + -9. What are the prime factors of p?
3
Let k(z) = -z**3 + 1. Let b be k(0). Let i = 383 + -255. List the prime factors of -1 + b - i/(-8).
2
Let l(z) = -z + 1. Let s be l(2). List the prime factors of s*10*(-2 + 1).
2, 5
Let w(c) be the third derivative of c**8/1680 - c**7/5040 + c**5/60 - 2*c**2. Let h(q) be the third derivative of w(q). List the prime factors of h(1).
11
Let j(o) = o**3 - o**2 - o + 1. Let p(u) = 3*u**3 - 9*u**2 + 5*u + 11. Let g(r) = 4*j(r) - p(r). List the prime factors of g(-6).
11
Suppose -2*f + 9 = -5*f. Let y be 0/(f/(6/4)). Suppose y = 4*w - 3*w - 12. What are the prime factors of w?
2, 3
Let a be (-21)/(-4) - (-7)/(-28). Suppose 165 = -0*m + a*m. What are the prime factors of m?
3, 11
Let n be -4*(-2 - (0 + -3)). Let b(x) = 4*x**2 + 4*x + 3. Let s be b(n). Suppose 2*j - 4*g - 27 = -g, 5*j - s = 2*g. What are the prime factors of j?
3
Suppose 0 = -3*w - 4*y + 326, -2*w + 3*y + 216 = 6*y. List the prime factors of w.
2, 3, 19
Let f(d) be the third derivative of -d**2 + 5/24*d**4 - 1/2*d**3 + 0 + 0*d. What are the prime factors of f(2)?
7
Let g be (-3)/2*8/(-6). Suppose -4*q + 4*f + 20 = 0, -4*q + 3*q + 20 = g*f. What are the prime factors of q/(-2 + 2 - -1)?
2, 5
Let f = 23 - -20. Suppose -2*j - f = -5*j + q, 5*j = 4*q + 60. What are the prime factors of j?
2
Suppose 4*w + g + 0*g = 155, 3*w + 4*g - 113 = 0. Suppose 5*l - 5*m + 3*m - w = 0, 4*m - 12 = 0. List the prime factors of l/2*(-16)/(-6).
2, 3
Let b(u) = u**2 - 1. Let n be b(1). Let j be 31 - 1*n/(-3). Suppose 0*w = -4*r + 3*w + j, r = -5*w - 21. What are the prime factors of r?
2
Let f be (-2)/(-4) + (-285)/(-6). What are the prime factors of ((-6)/(-2))/(9/f)?
2
Suppose 0 = 2*u - 2*k - 6, 2*k = 5*u - 0*k. What are the prime factors of (-1)/(1/u) + 27?
29
Let h(i) = -i**2 + 4*i + 1. Let c be h(3). Suppose 0 = 2*f - c - 4. Suppose -m - 68 = -f*a + m, -a + 8 = -5*m. List the prime factors of a.
2, 3
Suppose -2*r + 3*f + 20 = 0, r + 4*f - 6 = -r. Let y(p) = p**2 - p - 2. Let h be y(2). Let z = r + h. What are the prime factors of z?
7
Let y(f) = 24*f**2 + 2*f. Let h be y(-2). Suppose -4*p = -0*p - h. What are the prime factors of p?
23
Suppose 3*t - 4*z = 32, -3*t + 52 = z - 0*z. Suppose 0*a = 2*a - t. Let l = 14 - a. What are the prime factors of l?
2, 3
What are the prime factors of 3 + 3 + -8 + 26?
2, 3
Let q(y) = -2*y + 1. Let s be q(-2). Suppose 40 = -l + 6*l - 2*m, s*m = -2*l + 45. List the prime factors of l.
2, 5
Suppose 0*d + 3*d = 9. List the prime factors of d.
3
Let t(r) = r**2 - 3*r + 5. What are the prime factors of t(-5)?
3, 5
Let j(m) = -m - 2. Let k be j(-7). Let r = k + 1. What are the prime factors of r?
2, 3
Let g = 54 - 22. What are the prime factors of g?
2
Let z(y) = -3*y - 1. Let h(u) = -3*u - 1. Let g(o) = 2*h(o) - 3*z(o). What are the prime factors of g(2)?
7
List the prime factors of 12/(-18) + 1/(-3) - -261.
2, 5, 13
Let t be (2 + 0)/(2/(-5)). Let h be 24/10 - (-2)/t. Suppose 3*u + p - 48 = 0, -u - h*u + 42 = -p. What are the prime factors of u?
3, 5
Suppose 2*m = v + 293, -4*m - 5*v + 3*v = -598. List the prime factors of m.
2, 37
Suppose 0 = 4*d - d - 33. What are the prime factors of d?
11
Let h = 6 - 8. Let d = 6 - h. What are the prime factors of d?
2
Let o = 300 - 159. What are the prime factors of o?
3, 47
Let p be 1/(524/174 - 3). Let h = -62 + p. List the prime factors of h.
5
Let n(s) = s**2 - 5*s - 4. Let i be n(6). Suppose 4*u + 4*w + w - 60 = 0, -i*u + 2*w + 30 = 0. What are the prime factors of u?
3, 5
Let r(d) = -1 - 7*d - 3*d + 29*d. Let q be r(1). Suppose 2*k = -5*b + 10, b + b - 2*k = q. What are the prime factors of b?
2
Suppose 0 = 5*a - 0*a - 10. Let g = -4 - -9. Suppose g*d = a + 68. What are the prime factors of d?
2, 7
Suppose 5*t + 5*a = 75, 10 = 3*t - 2*a - 50. What are the prime factors of t?
2, 3
Let d(m) = 14*m - 6. What are the prime factors of d(2)?
2, 11
Suppose 4*g - 20 = -g. Suppose 0 = -5*z - 3*u - 15, u = -g*u - 25. List the prime factors of (-3 - z)*(-76)/12.
19
Suppose -3*d + 155 = 4*k + 24, -4*k = -3*d + 91. What are the prime factors of d?
37
Suppose -3*g + 4 = j, 0*j - g = j. Let y be 0 + (-2 - j/2). What are the prime factors of (2 - 1/y) + -1?
2
Suppose 0*k + 12 = 3*x + 2*k, 4*k = -2*x + 8. Suppose -3 = -f + 5. Let m = x + f. What are the prime factors of m?
2, 3
Suppose 4*c + 5*x - 22 = 0, -5*c - 25 = -10*c - 5*x. Suppose f - 56 = -c*f. What are the prime factors of f/(-4)*(3 - 5)?
7
What are the prime factors of -1*11*(2 - 3)?
11
Let k be ((-12)/(-9))/2*21. Suppose 0*p = -2*p + k. List the prime factors of p.
7
Let i(c) be the third derivative of c**5/60 - 5*c**3/6 + 4*c**2. List the prime factors of i(-5).
2, 5
Let k(l) = -3*l + 4. Let i(a) = -2*a - 3. Let j be i(4). Let o(d) = 8*d - 12. Let m(p) = j*k(p) - 4*o(p). What are the prime factors of m(5)?
3
Suppose 0 = -87*v + 86*v + 157. List the prime factors of v.
157
Let p(f) = 2*f**2 + f + 1. Let s be p(-1). Suppose -y = -18 + s. List the prime factors of y.
2
Suppose 2*c - 10 = 2*g, 0 = -c - 0*g - g + 13. Let k = c + -1. List the prime factors of k.
2
Let d(h) = -h + 9. Let t be d(6). Suppose t*f + 5*x - 29 = 0, -3*x = -5*f + 66 - 29. What are the prime factors of f?
2
Let p(m) be the third derivative of -m**6/120 + 7*m**5/60 - m**4/8 - m**3/2 - m**2. Let o be p(6). Suppose 5 + o = 5*s. List the prime factors of s.
2
Suppose g - 43 = -3*z, 5*g + 0*g = z + 247. What are the prime factors of g?
7
Suppose 5*v - 10 = -0*v. What are the prime factors of 3 - (-2 - -2 - v)?
5
Let v(q) = -q**2 - 13*q + 2. What are the prime factors of v(-8)?
2, 3, 7
Suppose -39*k - 3828 = -50*k. What are the prime factors of k?
2, 3, 29
Let h be (-17 - -5)*4/(-6). Let d(m) = m - 3. List the prime factors of d(h).
5
Let b = 16 + 11. List the prime factors of b.
3
Suppose x + 135 = 351. What are the prime factors of x?
2, 3
Let n(j) = 28*j - 38*j - 2 - 3*j**2 + 2*j**2. What are the prime factors of n(-8)?
2, 7
Let v(o) = -o**2 - 4*o + 11. List the prime factors of v(-5).
2, 3
Let p = -21 - -33. List the prime factors of ((-46)/(-8))/(3/p).
23
Suppose -j = 5, 3*k - 5*j - 41 + 16 = 0. Let a(b) = b**2 + b + 16. What are the prime factors of a(k)?
2
Suppose 0*l = -l + 4. Suppose l*i - w = 5, 0*i - w + 9 = 3*i. List the prime factors of i.
2
Suppose -3*y + 16 = -4*z - z, -3*z + 4 = 5*y. Suppose y*q = 4*q. Let a = 8 - q. What are the prime factors of a?
2
Let c = 36 - 17. Suppose -3*w - 17 = z, -3*w + c = 3*z + 58. Let o = z + 15. What are the prime factors of o?
2
Suppose 6*k - 2*k - 1140 = 0. What are the prime factors of k?
3, 5, 19
Let d = 15 + -9. Suppose k - d = -2*k. What are the prime factors of k?
2
Let y(c) = -4*c + 13. What are the prime factors of y(-17)?
3
Suppose 3*z + 28 = 2*s, 3*s - s - 40 = 5*z. Let j(l) = -l**3 - 6*l**2 + l - 3. Let n be j(z). Let q = n + 17. List the prime factors of q.
2
Let p be -4 - 2/((-4)/6). What are the prime factors of (p + -1)/(4/(-6))?
3
Let s be 0 - (0 - 1) - -3. Suppose -2*b = -s, 2*b = 2*c + 5*b - 6. Suppose 5*m + 4 - 49 = c. What are the prime factors of m?
3
Let j(d) = -2*d**2 - 14*d + 17. Let i(p) = p**2 + 7*p - 8. Let a(s) = -13*i(s) - 6*j(s). What are the prime factors of a(-7)?
2
Let m = 59 + -9. Let v be 24/(-20)*m/(-3). Suppose t + 0*t + 5*x = v, t - x = 8. List the prime factors of t.
2, 5
Suppose -2*r - 3*w + 10 = -6*w, 3*r - 14 = 4*w. Suppose -l = -1, -3*m + 2*m = r*l - 4. What are the prime factors of m?
2
Let p = 378 + -124. What are the prime factors of p/9 - (-26)/(-117)?
2, 7
Suppose -n + 2*n = 20. Let v = -9 + n. What are the prime factors of v?
11
Let m(z) = 3*z + 21. Let f be m(-11). List the prime factors of (3